10?
True
Does 7540 divide 1087001999?
False
Is 5249724 a multiple of 12?
True
Does 4558 divide 79544109?
False
Is 758392870 a multiple of 10?
True
Is 47290260 a multiple of 1065?
True
Is 42 a factor of 1199562?
True
Does 16 divide 90156016?
True
Does 42 divide 4885440?
True
Is 645 a factor of 114612625?
False
Does 41 divide 5255673?
False
Does 76 divide 2609384?
True
Is 969572044 a multiple of 592?
False
Is 11561760 a multiple of 279?
True
Does 2490 divide 1504918650?
True
Does 623 divide 362017824?
True
Does 78 divide 95338700?
False
Does 38 divide 142703186?
True
Is 45 a factor of 2653017400?
False
Is 82759410 a multiple of 140?
False
Is 2230 a factor of 259804287?
False
Is 78 a factor of 31863858?
True
Is 14 a factor of 110191060?
True
Is 1570 a factor of 196468670?
False
Is 126879270 a multiple of 723?
True
Is 253552117 a multiple of 1738?
False
Is 24 a factor of 842294328?
True
Is 1656 a factor of 31836233?
False
Does 579 divide 472775686?
False
Is 21 a factor of 17360573?
False
Is 57 a factor of 47234717?
False
Does 122 divide 71477650?
False
Is 579579774 a multiple of 307?
True
Is 264547325 a multiple of 1225?
True
Is 205 a factor of 2510572121?
False
Is 39 a factor of 318172959?
True
Is 7906178 a multiple of 101?
False
Is 151 a factor of 1114819108?
True
Is 17068394 a multiple of 14?
True
Is 3221983 a multiple of 251?
False
Is 2497 a factor of 1088390670?
False
Does 16 divide 891935790?
False
Is 101506539 a multiple of 2261?
False
Is 68001168 a multiple of 6?
True
Does 23 divide 259666145?
False
Is 2027901411 a multiple of 843?
True
Does 44 divide 332298296?
True
Is 38200383 a multiple of 39?
True
Is 26603704 a multiple of 18?
False
Is 331 a factor of 104243154?
True
Does 16 divide 28060944?
True
Is 201758128 a multiple of 1466?
False
Is 136 a factor of 14066763?
False
Is 728 a factor of 633843066?
False
Does 13 divide 6041200?
False
Is 47 a factor of 502493732?
True
Is 39372710 a multiple of 533?
True
Does 209 divide 71952639?
True
Is 9 a factor of 67004218?
False
Is 611932082 a multiple of 2?
True
Is 74635689 a multiple of 5?
False
Is 45 a factor of 5626054695?
False
Is 506 a factor of 663857326?
True
Does 341 divide 530560536?
True
Does 100 divide 100637274?
False
Is 25 a factor of 19454212?
False
Does 987 divide 699837285?
True
Is 112 a factor of 92985088?
True
Does 1848 divide 86074296?
True
Is 3342873206 a multiple of 3876?
False
Is 36822784 a multiple of 332?
True
Is 271 a factor of 6084774?
False
Does 603 divide 38219598?
False
Does 383 divide 22407798?
True
Does 269 divide 169797104?
True
Does 19 divide 203210473?
False
Is 225 a factor of 24436350?
True
Is 439112147 a multiple of 34?
False
Does 18 divide 358588116?
True
Is 152737049 a multiple of 3?
False
Is 20925501 a multiple of 183?
True
Is 238380839 a multiple of 2001?
False
Is 218457279 a multiple of 473?
False
Does 314 divide 155516036?
True
Does 12 divide 23408817?
False
Does 1335 divide 28547640?
True
Is 11 a factor of 47681546?
True
Does 45 divide 26971826?
False
Is 111 a factor of 467745814?
False
Is 98 a factor of 176334309?
False
Is 2 a factor of 27950478?
True
Does 2 divide 135904880?
True
Does 104 divide 286576?
False
Does 295 divide 389559486?
False
Is 146 a factor of 37147510?
True
Does 2 divide 7601548?
True
Is 68933988 a multiple of 129?
True
Is 450305219 a multiple of 275?
False
Is 293469023 a multiple of 2890?
False
Does 41 divide 960171005?
True
Is 381 a factor of 3902558997?
True
Is 23756221 a multiple of 43?
False
Does 304 divide 3374079276?
False
Is 1044 a factor of 315988524?
True
Does 35 divide 61604912?
False
Is 2878 a factor of 49826383?
False
Is 553 a factor of 12336179?
False
Is 1698066441 a multiple of 9?
True
Is 82676897 a multiple of 3?
False
Is 36 a factor of 1289897732?
False
Is 126 a factor of 3516238?
False
Is 148 a factor of 92726522?
False
Is 629906611 a multiple of 9?
False
Does 704 divide 392702822?
False
Is 33312033 a multiple of 44?
False
Does 678 divide 45256500?
True
Is 24471851 a multiple of 981?
False
Does 5304 divide 2015408616?
True
Does 3009 divide 59483886?
False
Is 7925450 a multiple of 89?
True
Does 1064 divide 42733432?
True
Is 95641522 a multiple of 74?
True
Is 504 a factor of 66523464?
True
Is 552 a factor of 126404759?
False
Does 3083 divide 227216476?
False
Is 3313407644 a multiple of 38?
True
Is 37771800 a multiple of 75?
True
Is 117296597 a multiple of 11?
True
Does 161 divide 1342483366?
True
Is 3075 a factor of 343821900?
True
Is 17 a factor of 436176667?
True
Is 19 a factor of 246129249?
True
Is 7 a factor of 187404595?
True
Is 494258752 a multiple of 6349?
False
Is 523699609 a multiple of 15?
False
Is 9055 a factor of 564262984?
False
Is 4428632101 a multiple of 2017?
True
Is 25 a factor of 476655975?
True
Does 326 divide 124978294?
True
Is 13 a factor of 2320318?
True
Is 1277 a factor of 6586766?
True
Is 228444116 a multiple of 277?
True
Does 3 divide 74243442?
True
Is 80 a factor of 31396960?
True
Does 3385 divide 710918622?
False
Is 716501034 a multiple of 6?
True
Does 15 divide 219615137?
False
Is 74418271 even?
False
Is 2775 a factor of 225288375?
True
Is 6092 a factor of 720244976?
True
Does 523 divide 336734073?
True
Does 37 divide 27670542?
False
Is 67 a factor of 78426265?
False
Is 1147749882 a multiple of 2022?
True
Does 4 divide 11213264?
True
Does 73 divide 320216252?
True
Does 14 divide 132047694?
False
Is 7 a factor of 109711604?
False
Does 31 divide 34781446?
False
Is 21513600 a multiple of 64?
True
Is 96819491 a multiple of 37?
True
Is 63911278 a multiple of 2?
True
Is 1752 a factor of 59991984?
True
Is 17 a factor of 19013055?
True
Is 35 a factor of 49416651?
False
Does 2519 divide 958283018?
True
Is 2 a factor of 7492701?
False
Is 148933140 a multiple of 120?
False
Does 751 divide 2610509?
False
Does 84 divide 329312424?
True
Is 2361 a factor of 1627345655?
False
Does 342 divide 63883288?
False
Does 887 divide 579754731?
True
Does 33 divide 18983580?
True
Is 1064221920 a multiple of 96?
True
Is 26 a factor of 6812806?
True
Is 7 a factor of 146640?
False
Does 408 divide 966859491?
False
Is 1159 a factor of 1062637263?
True
Is 146820983 a multiple of 687?
False
Does 1039 divide 34628831?
True
Is 21563124 a multiple of 4?
True
Is 481312613 a multiple of 5358?
False
Is 11 a factor of 3332461?
True
Does 2850 divide 5514432?
False
Is 835 a factor of 67384500?
True
Does 82 divide 410217300?
True
Is 174838846 a multiple of 182?
True
Does 52 divide 237204864?
True
Is 9 a factor of 173325510?
True
Does 14 divide 6548064?
False
Does 343 divide 216409681?
False
Is 984596 a multiple of 3?
False
Is 2064005658 a multiple of 2538?
True
Is 12943602 a multiple of 129?
True
Does 2294 divide 449098674?
True
Does 54 divide 1159860600?
True
Is 234193728 a multiple of 138?
True
Does 16 divide 1049542320?
True
Is 27 a factor of 3917182?
False
Does 85 divide 67001590?
True
Is 349 a factor of 183091333?
True
Is 15 a factor of 411010728?
False
Is 35452904 a multiple of 8?
True
Is 381 a factor of 31694126?
False
Does 93 divide 109292858?
False
Does 603 divide 1708437214?
False
Is 295231266 a multiple of 2277?
True
Is 24846186 a multiple of 38?
True
Is 1898370421 a multiple of 95?
False
Does 4 divide 196878725?
False
Is 362098659 a multiple of 39?
True
Is 2076 a factor of 2276671717?
False
Is 2011176100 a multiple of 2900?
True
Does 26 divide 818591969?
False
Is 80 a factor of 14295003?
False
Is 2078 a factor of 35612764?
True
Is 743 a factor of 291232224?
True
Is 1406164208 a multiple of 16?
True
Is 40026117 a multiple of 103?
False
Is 4839410 a multiple of 310?
True
Is 793879392 a multiple of 808?
True
Does 45 divide 318141134?
False
Is 169599578 a multiple of 6?
False
Is 46 a factor of 1238420740?
True
Is 3 a factor of 16448496?
True
Is 37898 a multiple of 304?
False
Does 50 divide 45797800?
True
Is 249204845 a multiple of 5?
True
Does 231 divide 15138939?
False
Is 226591169 a multiple of 24?
False
Is 13950091 a multiple of 2?
False
Does 3415 divide 97398532?
False
Does 89 divide 45589449?
True
Does 6945 divide 2121205428?
False
Is 8 a factor of 15374851?
False
Is 17116913 a multiple of 11?
True
Is 61792350 a multiple of 357?
False
Does 602 divide 18874506?
True
Does 79 divide 56822014?
True
Is 1523 a factor of 22495